31
Let i(x) = x**2 - 36*x - 44. Give i(37).
-7
Let l(f) = -3*f + 22. What is l(6)?
4
Let c(f) = f - 2. What is c(5)?
3
Let t(s) = -2*s**2 - 20*s + 77. Calculate t(-13).
-1
Let j(f) = 4*f**3 + f**2 + f - 4. What is j(3)?
116
Let l(y) = -40*y + 623. Give l(15).
23
Let m(j) = -j**2 + 8*j + 50. What is m(-5)?
-15
Let a(q) = -3*q**2 - 9*q - 10. Give a(-4).
-22
Let f(a) = 3*a**2 + 9*a + 7. Give f(-4).
19
Let v(w) = 15*w - 291. Give v(19).
-6
Let l(s) = -s**3 - 8*s**2 - 8*s + 1. Determine l(-7).
8
Let r(n) = 24*n + 19. What is r(-1)?
-5
Let h(d) = 2*d**2 + 2. Give h(-2).
10
Let v(u) = -8*u + 17. What is v(10)?
-63
Let r(z) = 2*z + 35. What is r(20)?
75
Let v(u) = u**2 - 7*u + 12. Calculate v(9).
30
Let b(y) = 11*y - 40. Give b(9).
59
Let n(f) = f**3 - 29*f**2 + 27*f + 45. Determine n(28).
17
Let z(t) = t**3 + 2*t + 3. Calculate z(0).
3
Let o(a) = a**2 + 2*a. Determine o(-3).
3
Let i(l) = 28*l**2 - l + 1. Determine i(1).
28
Let q(a) = -3*a**2 - 6*a - 9. Determine q(-2).
-9
Let c(a) = 3*a**3 + 26*a**2 + 18*a + 5. What is c(-8)?
-11
Let t(n) = -n**3 + 5*n**2 + 7*n - 11. Determine t(6).
-5
Let c(r) = 9*r + 49. Determine c(-4).
13
Let o(k) = -k**3 + 30*k**2 - 56*k + 26. What is o(28)?
26
Let l(z) = -z - 4. What is l(-20)?
16
Let q(m) = -m**3 + 5*m**2 + 2*m - 6. Calculate q(5).
4
Let z(y) = -y**2 - 2*y + 11. Give z(3).
-4
Let u(o) = -o**3 + 16*o**2 - 12*o - 48. What is u(15)?
-3
Let r(z) = z**3 + 8*z**2 - 15*z + 1. Calculate r(-9).
55
Let z(t) = 2*t**2 + 21*t + 18. Determine z(-8).
-22
Let s(m) = m**2 + 3*m + 1. Determine s(4).
29
Let o(j) = j**2 - 9*j - 33. Give o(13).
19
Let f(x) = -x**2 + 8*x - 1. Give f(6).
11
Let w(g) = 4*g - 13. What is w(1)?
-9
Let y(m) = -4*m - 9. Give y(4).
-25
Let w(r) = -r**3 + 6*r**2 + 6*r + 3. Calculate w(7).
-4
Let p(q) = 4*q - 3. Give p(-5).
-23
Let y(a) = -5*a**3 + 36*a**2 - 13*a + 47. Determine y(7).
5
Let z(t) = -81*t - 5. Calculate z(-1).
76
Let j(d) = 2*d**3 + d**2 - 3*d + 2. Determine j(1).
2
Let y(x) = 2*x**3 - 7*x**2 + 3*x + 3. Determine y(3).
3
Let m(r) = 193*r - 1161. Give m(6).
-3
Let o(s) = -s**2 + 8*s + 245. What is o(21)?
-28
Let h(m) = 5*m - 3. Give h(-5).
-28
Let z(f) = f**2 + 14*f + 4. Give z(-11).
-29
Let k(f) = f**3 + 3*f**2 + 2*f - 1. Determine k(3).
59
Let p(c) = -2*c**2 - 99*c - 58. Give p(-49).
-9
Let s(x) = x**3 + 8*x**2 + 5*x - 10. Determine s(-7).
4
Let w(a) = a**3 - 13*a**2 - 17*a + 18. Calculate w(14).
-24
Let o(r) = -r**3 + 6*r**2 + 8*r - 6. Calculate o(7).
1
Let u(h) = -h**3 - 6*h**2 - h - 11. Calculate u(-6).
-5
Let j(v) = 9*v**3 + 3*v**2 - 3*v + 5. Calculate j(2).
83
Let o(p) = p**3 + p**2 - 2*p - 4. Give o(-3).
-16
Let k(l) = l**2 - 5*l - 2. Give k(3).
-8
Let s(w) = -w**3 + 11*w**2 - 14*w + 5. Determine s(9).
41
Let v(c) = -5*c - 88. Determine v(-21).
17
Let i(h) = h**3 + 5*h**2 - 4*h + 5. Calculate i(-6).
-7
Let u(g) = -35*g - 37. Calculate u(-1).
-2
Let q(w) = -w**2 + 7*w + 1. What is q(7)?
1
Let g(f) = f**3 + 13*f**2 - 5. What is g(-13)?
-5
Let t(f) = f**2 + 11*f + 15. Give t(-13).
41
Let u(p) = -2*p**3 + 3*p + 3. Give u(-1).
2
Let j(f) = f + 4. What is j(-4)?
0
Let c(f) = -f**3 + f**2 + f + 13. Calculate c(0).
13
Let l(f) = -f + 51. Give l(23).
28
Let f(o) = 2*o - 1. Determine f(-3).
-7
Let u(h) = -h**3 - 12*h**2 - 27*h + 3. What is u(-9)?
3
Let x(d) = 8*d - 27. Determine x(6).
21
Let w(j) = -43*j**3 - j**2 - j + 1. Calculate w(1).
-44
Let l(k) = 5*k + 174. Determine l(-37).
-11
Let k(u) = -2*u**3 - 2*u**2 + 4*u - 1. Give k(-3).
23
Let t(o) = -o**3 + 3*o - 4. Give t(-3).
14
Let a(d) = 54*d + 68. Determine a(-3).
-94
Let y(n) = -n + 27. Give y(13).
14
Let y(n) = n**2 + 13*n + 32. Determine y(-9).
-4
Let x(g) = g**2 - 18*g + 39. Calculate x(15).
-6
Let b(x) = -x**2 - 22*x + 52. Determine b(-26).
-52
Let l(k) = -2*k - 8. Calculate l(-6).
4
Let o(j) = 5*j + 2. Give o(2).
12
Let f(v) = 2*v**2 - 12*v - 5. Calculate f(6).
-5
Let h(d) = 3*d**3 - 5*d**2 - 3. Determine h(2).
1
Let o(y) = -y + 3. Calculate o(-1).
4
Let r(l) = -l - 4. Determine r(7).
-11
Let n(h) = 2*h**2 - 5. Determine n(-4).
27
Let f(w) = -w**3 - 2*w**2 + w - 4. Give f(-3).
2
Let h(p) = -p**2 - 3*p + 6. Determine h(-3).
6
Let j(c) = 4*c**2. Determine j(2).
16
Let i(f) = 18*f + 15. What is i(-2)?
-21
Let z(q) = 30*q**2 + 150*q - 4. Give z(-5).
-4
Let q(i) = -2*i**2 + 8*i - 3. What is q(6)?
-27
Let k(u) = u**2 - 20*u + 18. What is k(17)?
-33
Let j(h) = 2*h + 12. What is j(-9)?
-6
Let n(a) = a**3 + 4*a**2 - 5*a - 9. What is n(-5)?
-9
Let r(n) = -n**2 - 10*n + 13. Calculate r(-11).
2
Let z(v) = -v. Give z(-2).
2
Let m(d) = 37*d + 261. Calculate m(-8).
-35
Let q(t) = -t**3 + 6*t**2 - 7*t - 5. Calculate q(5).
-15
Let c(u) = u**3 - 12*u**2 + 12*u + 13. Determine c(11).
24
Let r(m) = 17*m + 43. Calculate r(-2).
9
Let q(f) = 9*f + 51. Determine q(-6).
-3
Let m(c) = -c**3 - 17*c**2 - 2*c - 22. Give m(-17).
12
Let j(r) = 55*r + 3. Determine j(-1).
-52
Let h(a) = -a**3 + 3*a**2 + 8*a - 5. Calculate h(6).
-65
Let b(a) = -49*a**2 - 5*a. Give b(1).
-54
Let a(i) = -15*i - 87. What is a(-6)?
3
Let o(d) = -d**3 - 8*d**2 + 4*d - 17. Determine o(-9).
28
Let n(b) = 3*b + 26. What is n(-11)?
-7
Let b(r) = -27*r**2 - 8*r + 2. What is b(2)?
-122
Let z(p) = 2*p**2 - 11*p - 19. Determine z(-7).
156
Let i(h) = -2*h**3 + h**2 + 10*h - 10. Determine i(4).
-82
Let f(b) = -7*b**2 + b + 2. What is f(-2)?
-28
Let r(z) = -26*z - 62. Give r(-2).
-10
Let f(d) = 4*d**2 + 2*d - 1. What is f(-3)?
29
Let u(x) = 17*x**2. Determine u(2).
68
Let c(x) = -x**2 - 17*x - 19. What is c(-15)?
11
Let j(o) = -o**3 + 9*o**2 + 9*o - 5. Calculate j(10).
-15
Let m(a) = a**3 + 10*a**2 + 7*a - 11. What is m(-9)?
7
Let x(w) = 16*w**2 - 3*w - 6. Give x(-2).
64
Let t(b) = -b + 6. What is t(2)?
4
Let y(a) = -11*a + 45. Give y(-5).
100
Let m(u) = -u**2 - 9*u - 9. What is m(-8)?
-1
Let v(k) = 2*k**2 - 2*k - 55. What is v(0)?
-55
Let g(y) = 8*y**2 + 5*y - 9. Give g(2).
33
Let a(k) = 6*k**2 - 11*k + 2. Calculate a(2).
4
Let t(y) = 10*y**3 - 110*y**2 + 2*y - 16. Give t(11).
6
Let d(p) = -p**2 - 18*p - 19. Calculate d(-16).
13
Let o(c) = 5*c - 16. Give o(10).
34
Let w(u) = -u**3 + 5*u**2 - 4*u + 3. Calculate w(2).
7
Let m(h) = -3*h + 4. Give m(-9).
31
Let s(o) = o**2 - 9*o - 9. Give s(-6).
81
Let y(p) = p**3 - 13*p**2 + p - 9. Calculate y(13).
4
Let q(p) = 2*p**2 + 51*p - 18. What is q(-26)?
8
Let t(y) = -3*y**2 + 53*y + 105. Determine t(-2).
-13
Let j(n) = -n**3 - 7*n**2 - n - 1. What is j(-7)?
6
Let h(d) = 2*d + 15. Give h(10).
35
Let o(t) = -t + 18. What is o(17)?
1
Let z(x) = -13*x - 18. Give z(-1).
-5
Let m(w) = -8*w - 3. What is m(2)?
-19
Let t(o) = -4*o**2 + 13*o + 6. Determine t(5).
-29
Let s(g) = g**2 + 5*g - 4. Determine s(-5).
-4
Let d(t) = -49*t**3 - t**2 + t + 1. What is d(-1)?
48
Let b(a) = -6*a**3 - a**2. Calculate b(-1).
5
Let y(q) = -q**3 + 16*q**2 - 26*q - 6. Calculate y(14).
22
Let p(d) = d**3 + 30*d**2 - 32*d - 39. Determine p(-31).
-8
Let a(v) = -v**3 + 17*v**2 - v + 33. What is a(17)?
16
Let j(n) = -2*n**2 - 2*n - 2. Calculate j(-2).
-6
Let q(d) = -2*d**3 - 63*d**2 + 33*d + 59. Give q(-32).
27
Let w(d) = -d**2 + 5*d + 7. What is w(5)?
7
Let h(c) = c**3 + 7*c**2 + 3*c + 9. Determine h(-6).
27
Let w(x) = 2*x**2 - 30*x - 11. Determine w(6).
-119
Let f(v) = -v**3 - 6*v**2 - 8*v - 7. Determine f(-4).
-7
Let g(h) = -2*h**3 - 7*h**2 + h + 7. Give g(-3).
-5
Let t(z) = -z**2 + 8*z + 1. Give t(6).
13
Let b(i) = -3*i**2 + 3*i + 18. Determine b(5).
-42
Let y(j) = j**3 - 5*j**2 - 8*j + 3. Calculate y(6).
-9
Let c(y) = 13*y - 201. Determine c(15).
-6
Let s(o) = 2*o**2 + 4*o - 3. Give s(-3).
3
Let q(u) = u**2 + 3*u - 6. Calculate q(0).
-6
Let d(s) = s**2 + 5*s + 30. Determine d(-7).
44
Let g(t) = 3*t**2 - t. Give g(-5).
80
Let h(m) = -m**2 - 11*m + 7. Give h(-9).
25
Let a(k) = -9*k + 9. Give a(7).
-54
Let h(p) = 16*p - 180. What is h(11)?
-4
Let t(n) = 29*n - 204. What is t(7)?
-1
Let k(f) = -f - 9. What is k(-1)?
-8
Let v(a) = a**2 + 10*a - 7. Give v(-7).
-28
Let y(v) = 6*v - 4. What is y(8)?
44
Let x(s) = -6*s + 7. Give x(10).
-53
Let p(t) = t**3 + 14*t**2 + 14*t + 16. Give p(-13).
3
Let d(w) = 5*w + 29. Determine d(-15).
-46
Let j(w) = -w**2 + 3. What is j(5)?
-22
Let s(v) = v**3 + 4*v**2 - 11*v - 8. Determine s(-7).
-78
Let z(b) = b - 11. Calculate z(7).
-4
Let o(c) = c. Calculate 